{"id":6,"date":"2021-12-29T13:42:48","date_gmt":"2021-12-29T16:42:48","guid":{"rendered":"http:\/\/onedivepb.com\/?page_id=6"},"modified":"2022-01-06T14:28:30","modified_gmt":"2022-01-06T17:28:30","slug":"programas-de-conservacion-medioambientales","status":"publish","type":"page","link":"https:\/\/onedivepb.com\/?page_id=6","title":{"rendered":"Programas de conservacion medioambientales"},"content":{"rendered":"<div class=\"vce-row-container\" data-vce-boxed-width=\"true\"><div class=\"vce-row vce-row--col-gap-30 vce-row-equal-height vce-row-content--top\" id=\"el-a09bf451\" data-vce-do-apply=\"all el-a09bf451\"><div class=\"vce-row-content\" data-vce-element-content=\"true\"><div class=\"vce-col vce-col--md-auto vce-col--xs-1 vce-col--xs-last vce-col--xs-first vce-col--sm-last vce-col--sm-first vce-col--md-last vce-col--lg-last vce-col--xl-last vce-col--md-first vce-col--lg-first vce-col--xl-first\" id=\"el-6a96b0b0\"><div class=\"vce-col-inner\" data-vce-do-apply=\"border margin background  el-6a96b0b0\"><div class=\"vce-col-content\" data-vce-element-content=\"true\" data-vce-do-apply=\"padding el-6a96b0b0\"><div class=\"vce-text-block\"><div class=\"vce-text-block-wrapper vce\" id=\"el-b7b5a80a\" data-vce-do-apply=\"all el-b7b5a80a\"><p style=\"text-align: center;\"><span style=\"font-size: 36pt; color: #000000; font-family: Adamina;\"><strong>Coral Reef Conservation<\/strong><\/span><\/p><\/div><\/div><\/div><\/div><\/div><\/div><\/div><\/div><div class=\"vce-row-container\" data-vce-boxed-width=\"true\"><div class=\"vce-row vce-row--col-gap-30 vce-row-equal-height vce-row-content--top\" id=\"el-980fac2e\" data-vce-do-apply=\"all el-980fac2e\"><div class=\"vce-row-content\" data-vce-element-content=\"true\"><div class=\"vce-col vce-col--md-51p vce-col--xs-1 vce-col--xs-last vce-col--xs-first vce-col--sm-last vce-col--sm-first vce-col--md-first vce-col--lg-first vce-col--xl-first\" id=\"el-d7246656\"><div class=\"vce-col-inner\" data-vce-do-apply=\"border margin background  el-d7246656\"><div class=\"vce-col-content\" data-vce-element-content=\"true\" data-vce-do-apply=\"padding el-d7246656\"><div class=\"vce-text-block\"><div class=\"vce-text-block-wrapper vce\" id=\"el-23724042\" data-vce-do-apply=\"all el-23724042\"><h2 style=\"line-height: 0.75; text-align: left;\"><span style=\"font-weight: 400; font-style: normal; font-family: Adamina;\"><span style=\"font-size: 16pt; letter-spacing: 1px;\">A todo el mundo le gusta bucear o hacer snorkel en las aguas claras y c\u00e1lidas de <\/span><span style=\"font-size: 16pt; letter-spacing: 1px;\">un vibrante arrecife de coral, aunque mucha gente sabe poco sobre lo que est\u00e1 <\/span><span style=\"font-size: 16pt; letter-spacing: 1px;\">viendo o la importancia de los ecosistemas de arrecifes. El curso Coral Reef <\/span><span style=\"font-size: 16pt; letter-spacing: 1px;\">Conservation Specialty te ayuda a apreciar la complejidad de esos h\u00e1bitats y te <\/span><span style=\"font-size: 16pt; letter-spacing: 1px;\">ense\u00f1a c\u00f3mo puedes ayudar a conservar estos sistemas vitales.<\/span><\/span><br><span style=\"font-weight: 400; font-style: normal; font-family: Adamina; letter-spacing: 1px;\"><span style=\"font-size: 16pt; letter-spacing: 1px;\">Cualquiera que est\u00e9 interesado en el mundo acu\u00e1tico puede hacer este curso. No <\/span><span style=\"font-size: 16pt; letter-spacing: 1px;\">hay requisitos previos o restricciones de edad y no hay sesiones en el agua<\/span><\/span><br><span style=\"font-size: 16pt; font-weight: 400; font-style: normal; letter-spacing: 1px; font-family: Adamina;\">obligatorias para obtener esta certificaci\u00f3n sin buceo.<\/span><\/h2><\/div><\/div><\/div><\/div><\/div><div class=\"vce-col vce-col--md-49p vce-col--xs-1 vce-col--xs-last vce-col--xs-first vce-col--sm-last vce-col--sm-first vce-col--md-last vce-col--lg-last vce-col--xl-last\" id=\"el-7fed3fa6\"><div class=\"vce-col-inner\" data-vce-do-apply=\"border margin background  el-7fed3fa6\"><div class=\"vce-col-content\" data-vce-element-content=\"true\" data-vce-do-apply=\"padding el-7fed3fa6\"><div class=\"vce-text-block\"><div class=\"vce-text-block-wrapper vce\" id=\"el-70941181\" data-vce-do-apply=\"all el-70941181\"><h2 style=\"line-height: 1; text-align: left;\"><span style=\"font-size: 18pt; font-family: Adamina; letter-spacing: 1px;\">A trav\u00e9s de los debates en el au<strong>la, aprendes:<\/strong><\/span><\/h2><ul><li style=\"line-height: 1.25;\"><span style=\"font-weight: 400; font-style: normal; font-family: Adamina;\"><span style=\"font-size: 16pt; letter-spacing: 2px;\">C\u00f3mo funcionan los arrecifes de coral y la naturaleza.<\/span><\/span><\/li><li style=\"line-height: 1.25; text-align: left; letter-spacing: 2px;\"><span style=\"font-weight: 400; font-style: normal; font-family: Adamina;\"><span style=\"font-size: 16pt;\">compleja de la vida de un arrecife.<\/span><\/span><\/li><li style=\"line-height: 1.25; text-align: left; letter-spacing: 2px;\"><span style=\"font-weight: 400; font-style: normal; font-family: Adamina;\"><span style=\"font-size: 16pt;\">Por qu\u00e9 son importantes los arrecifes de coral.<\/span><\/span><\/li><li style=\"line-height: 1.25; text-align: left; letter-spacing: 2px;\"><span style=\"font-weight: 400; font-style: normal; font-family: Adamina;\"><span style=\"font-size: 16pt;\">Por qu\u00e9 muchos arrecifes se encuentran en serios <\/span><span style=\"font-size: 16pt;\">problemas.<\/span><\/span><\/li><li style=\"line-height: 1.25; text-align: left; letter-spacing: 2px;\"><span style=\"font-weight: 400; font-style: normal; font-family: Adamina;\"><span style=\"font-size: 16pt;\">Qu\u00e9 puedes hacer para prevenir que se degraden a\u00fan m\u00e1s.<\/span><\/span><\/li><li style=\"line-height: 1.25; text-align: left;\"><span style=\"font-weight: 400; font-style: normal; font-family: Adamina;\"><span style=\"font-size: 16pt; letter-spacing: 2px;\">C\u00f3mo Project AWARE une a los buceadores y entusiastas <\/span><span style=\"font-size: 16pt; letter-spacing: 2px;\">del agua para marcar una diferencia.<\/span><\/span><\/li><\/ul><\/div><\/div><\/div><\/div><\/div><\/div><\/div><\/div><div class=\"vce-row-container\" data-vce-boxed-width=\"true\"><div class=\"vce-row vce-row--col-gap-30 vce-row-equal-height vce-row-content--top\" id=\"el-cd03b12f\" data-vce-do-apply=\"all el-cd03b12f\"><div class=\"vce-row-content\" data-vce-element-content=\"true\"><div class=\"vce-col vce-col--md-auto vce-col--xs-1 vce-col--xs-last vce-col--xs-first vce-col--sm-last vce-col--sm-first vce-col--md-first vce-col--lg-first vce-col--xl-first\" id=\"el-e4f58ae5\"><div class=\"vce-col-inner\" data-vce-do-apply=\"border margin background  el-e4f58ae5\"><div class=\"vce-col-content\" data-vce-element-content=\"true\" data-vce-do-apply=\"padding el-e4f58ae5\"><\/div><\/div><\/div><div class=\"vce-col vce-col--md-auto vce-col--xs-1 vce-col--xs-last vce-col--xs-first vce-col--sm-last vce-col--sm-first vce-col--md-last vce-col--lg-last vce-col--xl-last\" id=\"el-6bc41728\"><div class=\"vce-col-inner\" data-vce-do-apply=\"border margin background  el-6bc41728\"><div class=\"vce-col-content\" data-vce-element-content=\"true\" data-vce-do-apply=\"padding el-6bc41728\"><div class=\"vce-single-image-container vce-single-image--align-left\"><div class=\"vce vce-single-image-wrapper\" id=\"el-caa05876\" data-vce-do-apply=\"all el-caa05876\"><figure><div class=\"vce-single-image-inner vce-single-image--absolute\" style=\"padding-bottom: 74.9495%; width: 495px;\"><img loading=\"lazy\" decoding=\"async\" class=\"vce-single-image vcv-lozad\" data-src=\"https:\/\/onedivepb.com\/wp-content\/uploads\/2022\/01\/coral-495x371.jpg\" width=\"495\" height=\"371\" srcset=\"https:\/\/onedivepb.com\/wp-content\/uploads\/2022\/01\/coral-320x240.jpg 320w,https:\/\/onedivepb.com\/wp-content\/uploads\/2022\/01\/coral-480x360.jpg 480w,https:\/\/onedivepb.com\/wp-content\/uploads\/2022\/01\/coral-495x371.jpg 495w\" src=\"\" data-img-src=\"https:\/\/onedivepb.com\/wp-content\/uploads\/2021\/12\/coral.jpg\" alt=\"\" title=\"coral\" \/><noscript>\n        <img loading=\"lazy\" decoding=\"async\" class=\"vce-single-image\" src=\"https:\/\/onedivepb.com\/wp-content\/uploads\/2021\/12\/coral.jpg\" width=\"495\" height=\"371\" alt=\"\" title=\"coral\" \/>\n      <\/noscript><\/div><figcaption hidden=\"\"><\/figcaption><\/figure><\/div><\/div><\/div><\/div><\/div><\/div><\/div><\/div><div class=\"vce-row-container\" data-vce-boxed-width=\"true\"><div class=\"vce-row vce-row--col-gap-30 vce-row-equal-height vce-row-content--top\" id=\"el-bdb50e33\" data-vce-do-apply=\"all el-bdb50e33\"><div class=\"vce-row-content\" data-vce-element-content=\"true\"><div class=\"vce-col vce-col--md-auto vce-col--xs-1 vce-col--xs-last vce-col--xs-first vce-col--sm-last vce-col--sm-first vce-col--md-last vce-col--lg-last vce-col--xl-last vce-col--md-first vce-col--lg-first vce-col--xl-first\" id=\"el-1bf79797\"><div class=\"vce-col-inner\" data-vce-do-apply=\"border margin background  el-1bf79797\"><div class=\"vce-col-content\" data-vce-element-content=\"true\" data-vce-do-apply=\"padding el-1bf79797\"><div class=\"vce-text-block\"><div class=\"vce-text-block-wrapper vce\" id=\"el-ad83c7aa\" data-vce-do-apply=\"all el-ad83c7aa\"><h2 style=\"text-align: center;\"><span style=\"color: #000000; font-size: 36pt; font-family: Adamina;\">Project Aware<\/span><\/h2><\/div><\/div><\/div><\/div><\/div><\/div><\/div><\/div><div class=\"vce-row-container\" data-vce-boxed-width=\"true\"><div class=\"vce-row vce-row--col-gap-30 vce-row-equal-height vce-row-content--top\" id=\"el-0f13ccbd\" data-vce-do-apply=\"all el-0f13ccbd\"><div class=\"vce-row-content\" data-vce-element-content=\"true\"><div class=\"vce-col vce-col--md-auto vce-col--xs-1 vce-col--xs-last vce-col--xs-first vce-col--sm-last vce-col--sm-first vce-col--md-first vce-col--lg-first vce-col--xl-first\" id=\"el-743fc4b9\"><div class=\"vce-col-inner\" data-vce-do-apply=\"border margin background  el-743fc4b9\"><div class=\"vce-col-content\" data-vce-element-content=\"true\" data-vce-do-apply=\"padding el-743fc4b9\"><div class=\"vce-text-block\"><div class=\"vce-text-block-wrapper vce\" id=\"el-0ce9e3a3\" data-vce-do-apply=\"all el-0ce9e3a3\"><h2 style=\"text-align: left; line-height: 0.75;\"><span style=\"font-weight: 400; font-style: normal; font-family: Adamina;\"><span style=\"font-size: 18pt; letter-spacing: 1px;\">El curso de especialidad Project AWARE es una introducci\u00f3n a Project AWARE <\/span><span style=\"font-size: 18pt; letter-spacing: 1px;\">como movimiento global en la protecci\u00f3n de los oc\u00e9anos. Se enfoca y promueve<\/span><\/span><br><span style=\"font-weight: 400; font-style: normal; font-family: Adamina;\"><span style=\"font-size: 18pt; letter-spacing: 1px;\">los 10 Consejos para que los buceadores puedan proteger el mundo oce\u00e1nico. A <\/span><span style=\"font-size: 18pt; letter-spacing: 1px;\">trav\u00e9s de discusiones interactivas, aprender\u00e1s c\u00f3mo puedes marcar la diferencia <\/span><span style=\"font-size: 18pt; letter-spacing: 1px;\">para la protecci\u00f3n del oc\u00e9ano cada vez que bucees o viajes. Por supuesto, esta <\/span><span style=\"font-size: 18pt; letter-spacing: 1px;\">especialidad es ideal para buceadores y no buceadores, para comprender sobre <\/span><span style=\"font-size: 18pt; letter-spacing: 1px;\">c\u00f3mo las decisiones tomadas tanto por encima como por debajo de la superficie <\/span><span style=\"font-size: 18pt; letter-spacing: 1px;\">afectan a nuestro entorno acu\u00e1tico.<\/span><\/span><\/h2><\/div><\/div><\/div><\/div><\/div><div class=\"vce-col vce-col--md-auto vce-col--xs-1 vce-col--xs-last vce-col--xs-first vce-col--sm-last vce-col--sm-first vce-col--md-last vce-col--lg-last vce-col--xl-last\" id=\"el-e1849726\"><div class=\"vce-col-inner\" data-vce-do-apply=\"border margin background  el-e1849726\"><div class=\"vce-col-content\" data-vce-element-content=\"true\" data-vce-do-apply=\"padding el-e1849726\"><div class=\"vce-text-block\"><div class=\"vce-text-block-wrapper vce\" id=\"el-1b61a2a5\" data-vce-do-apply=\"all el-1b61a2a5\"><h2 style=\"text-align: left; line-height: 0.75;\"><span style=\"font-size: 18pt; font-family: Adamina; letter-spacing: 1px;\">EA trav\u00e9s de los talleres presenciales, puedes:<\/span><\/h2><ul><li style=\"text-align: left; line-height: 1.25; letter-spacing: 1px;\"><span style=\"font-size: 16pt; font-weight: 400; font-style: normal; font-family: Adamina; letter-spacing: 2px;\">Aprender sobre el movimiento de Project AWARE.<br><\/span><\/li><li style=\"text-align: left; line-height: 1.25; letter-spacing: 2px;\"><span style=\"font-size: 16pt; font-weight: 400; font-style: normal; font-family: Adamina;\">Entender los 10 Consejos para que los buceadores<br>puedan proteger el mundo oce\u00e1nico.<br><\/span><\/li><li style=\"text-align: left; line-height: 1.25;\"><span style=\"font-size: 16pt; font-weight: 400; font-style: normal; font-family: Adamina; letter-spacing: 2px;\">Desarrollar un plan de acci\u00f3n sobre c\u00f3mo marcar la<br>diferencia de manera personal.<\/span><\/li><\/ul><\/div><\/div><\/div><\/div><\/div><\/div><\/div><\/div><div class=\"vce-row-container\" data-vce-boxed-width=\"true\"><div class=\"vce-row vce-row--has-col-background vce-row--col-gap-30 vce-row-equal-height vce-row-content--top\" id=\"el-16f05f41\" data-vce-do-apply=\"all el-16f05f41\"><div class=\"vce-row-content\" data-vce-element-content=\"true\"><div class=\"vce-col vce-col--md-53p vce-col--xs-1 vce-col--xs-last vce-col--xs-first vce-col--sm-last vce-col--sm-first vce-col--md-first vce-col--lg-first vce-col--xl-first\" id=\"el-5014b586\"><div class=\"vce-col-inner\" data-vce-do-apply=\"border margin background  el-5014b586\"><div class=\"vce-col-content\" data-vce-element-content=\"true\" data-vce-do-apply=\"padding el-5014b586\"><div class=\"vce-single-image-container vce-single-image--align-left\"><div class=\"vce vce-single-image-wrapper\" id=\"el-5f4a6144\" data-vce-do-apply=\"all el-5f4a6144\"><figure><div class=\"vce-single-image-inner vce-single-image--absolute\" style=\"padding-bottom: 62.9879%; width: 743px;\"><img loading=\"lazy\" decoding=\"async\" class=\"vce-single-image vcv-lozad\" data-src=\"https:\/\/onedivepb.com\/wp-content\/uploads\/2022\/01\/aware-743x468.png\" width=\"743\" height=\"468\" srcset=\"https:\/\/onedivepb.com\/wp-content\/uploads\/2022\/01\/aware-320x202.png 320w,https:\/\/onedivepb.com\/wp-content\/uploads\/2022\/01\/aware-480x302.png 480w,https:\/\/onedivepb.com\/wp-content\/uploads\/2022\/01\/aware-743x468.png 743w\" src=\"\" data-img-src=\"https:\/\/onedivepb.com\/wp-content\/uploads\/2021\/12\/aware.png\" alt=\"\" title=\"aware\" \/><noscript>\n        <img loading=\"lazy\" decoding=\"async\" class=\"vce-single-image\" src=\"https:\/\/onedivepb.com\/wp-content\/uploads\/2021\/12\/aware.png\" width=\"743\" height=\"468\" alt=\"\" title=\"aware\" \/>\n      <\/noscript><\/div><figcaption hidden=\"\"><\/figcaption><\/figure><\/div><\/div><\/div><\/div><\/div><div class=\"vce-col vce-element--has-background vce-col--md-auto vce-col--xs-1 vce-col--xs-last vce-col--xs-first vce-col--sm-last vce-col--sm-first vce-col--md-last vce-col--lg-last vce-col--xl-last\" id=\"el-38f1d2eb\"><div class=\"vce-col-inner\" data-vce-do-apply=\"border margin background  el-38f1d2eb\"><div class=\"vce-content-background-container\"><div class=\"vce-asset-background-simple-container vce-visible-all-only vce-asset-background-simple--style-cover vce-asset-background-simple--position-center-center\"><div class=\"vce-asset-background-simple\">\n              <div class=\"vce-asset-background-simple-item vcv-lozad\" data-background-image=\"https:\/\/onedivepb.com\/wp-content\/uploads\/2021\/12\/aware-2.jpg\"><\/div>\n              <noscript>\n                <div class=\"vce-asset-background-simple-item\" style=\"background-image: url(https:\/\/onedivepb.com\/wp-content\/uploads\/2021\/12\/aware-2.jpg)\"><\/div>\n              <\/noscript>\n            <\/div><\/div><\/div><div class=\"vce-col-content\" data-vce-element-content=\"true\" data-vce-do-apply=\"padding el-38f1d2eb\"><\/div><\/div><\/div><\/div><\/div><\/div>\n","protected":false},"excerpt":{"rendered":"<p>Coral Reef ConservationA todo el mundo le gusta bucear o hacer snorkel en las aguas claras y c\u00e1lidas de un vibrante arrecife de coral, aunque mucha gente sabe poco sobre lo que est\u00e1 viendo o<span class=\"more-button\"><a href=\"https:\/\/onedivepb.com\/?page_id=6\" class=\"more-link\">Continue reading<span class=\"screen-reader-text\">Programas de conservacion medioambientales<\/span><i class=\"fa fa-angle-right\" aria-hidden=\"true\"><\/i><\/a><\/span><\/p>\n","protected":false},"author":1,"featured_media":0,"parent":0,"menu_order":0,"comment_status":"closed","ping_status":"closed","template":"templates\/no-sidebar.php","meta":{"footnotes":"","_joinchat":[]},"_links":{"self":[{"href":"https:\/\/onedivepb.com\/index.php?rest_route=\/wp\/v2\/pages\/6"}],"collection":[{"href":"https:\/\/onedivepb.com\/index.php?rest_route=\/wp\/v2\/pages"}],"about":[{"href":"https:\/\/onedivepb.com\/index.php?rest_route=\/wp\/v2\/types\/page"}],"author":[{"embeddable":true,"href":"https:\/\/onedivepb.com\/index.php?rest_route=\/wp\/v2\/users\/1"}],"replies":[{"embeddable":true,"href":"https:\/\/onedivepb.com\/index.php?rest_route=%2Fwp%2Fv2%2Fcomments&post=6"}],"version-history":[{"count":12,"href":"https:\/\/onedivepb.com\/index.php?rest_route=\/wp\/v2\/pages\/6\/revisions"}],"predecessor-version":[{"id":249,"href":"https:\/\/onedivepb.com\/index.php?rest_route=\/wp\/v2\/pages\/6\/revisions\/249"}],"wp:attachment":[{"href":"https:\/\/onedivepb.com\/index.php?rest_route=%2Fwp%2Fv2%2Fmedia&parent=6"}],"curies":[{"name":"wp","href":"https:\/\/api.w.org\/{rel}","templated":true}]}}